What is 1 + -9 - -5 - -1?
-2
-2 + 0 + (3 - 1)
0
Calculate 8 - (0 + 7 + -4).
5
What is the value of (-19 - -12) + (-6 - -5) - -15?
7
Evaluate (2 + -8 - -2) + -120 + 129.
5
What is the value of (47 - 40) + -9 + 0?
-2
Calculate -27 + 29 - (-2 + 3).
1
Calculate (3 - 5) + (4 - 2) - -4.
4
Calculate -7 + 7 + (-5 - -3).
-2
What is the value of 8 + -4 + 10 + -7?
7
What is the value of (-4 - -6) + (0 - -1) + 0?
3
What is the value of -2 - (-2 + (-5 - (-7 - -2)))?
0
Calculate 9 - (0 + 7 + -2).
4
Evaluate -27 + (3 - -22) + (-1 - -6).
3
What is 6 + (-2 - 2) - -5?
7
What is -2 - (-2 + -1 - -2)?
-1
What is -3 + (3 + -1 - (1 + 2))?
-4
Calculate -10 - (-7 + 12 + -12).
-3
Calculate -5 + -3 + (0 - -7) - -2.
1
Evaluate -5 + -4 + 13 + (-2 - -2).
4
Calculate 5 - (0 + (3 - 1)).
3
Calculate (-2 - 1 - (-3 - 3)) + -6.
-3
What is (-1 - 0) + -5 + -6 + 8?
-4
Calculate -14 - -5 - -8 - (3 + -1).
-3
Calculate 0 + 3 + -5 + -4 + 5.
-1
Calculate 2 + 2 - (-16 - -16).
4
Calculate (-60 - -61) + (-1 + 4 - 1).
3
What is the value of -14 - ((2 - 3) + -11 + 9)?
-11
Evaluate (-1 - (10 + 4)) + 10.
-5
What is 2 + -10 + 1 - (-11 + 8)?
-4
Evaluate -35 + 38 - (3 - (2 + -3)).
-1
What is -1 + -2 + 2 + 1?
0
What is -5 + 3 - (-4 - -4)?
-2
What is 6 + -1 - (7 + -2)?
0
(60 - 54) + -5 + -2
-1
What is 0 + 5 - 15 - -5?
-5
What is -5 - -2 - ((2 - 3) + 1)?
-3
What is the value of (10 - 5) + (-6 - -3 - 1)?
1
2 + -7 + (0 - (-1 + 0))
-4
Evaluate -1 - (1 - (-1 + -3 + 8)).
2
Evaluate 11 + 10 + -10 + -4.
7
Evaluate 0 - 1 - (-10 - (1 + -5)).
5
What is 2 - (1 + -5) - 11?
-5
Calculate (2 - (7 + 22) - -8) + 8.
-11
Calculate -1 + -6 + 13 + -3.
3
-4 + (6 - 11) + 4
-5
What is -2 + 0 + 0 + 2 + 5?
5
Evaluate -8 + (-5 - (-10 - (0 + -4))).
-7
What is the value of 2 + -3 + 3 + (-18 - -17)?
1
Evaluate -1 - (0 + 0 - -1).
-2
Calculate (-2 - -1) + -2 + 7.
4
What is the value of -90 + 81 + (8 - -2)?
1
Evaluate (0 - -4) + 0 + -4.
0
What is the value of 0 - 5 - ((0 - -6) + -11)?
0
Evaluate -2 + -3 + -3 + 15 + 1.
8
Evaluate 3 + (0 - 4 - (-3 - 2)).
4
What is the value of 5 + (5 - 10) + (4 - 2)?
2
What is -5 + -1 + 6 + -3?
-3
What is the value of (4 - 1) + -1 - -3 - 3?
2
Evaluate -4 + (-5 - -11) - 4.
-2
(-3 - 2) + -1 + 0 + 1
-5
What is the value of 0 + -1 + (-3 - (-5 - -3))?
-2
Evaluate (3 - 2) + -3 + -2.
-4
Calculate (-72 - -77) + (1 - 11).
-5
What is -3 - -8 - (-10 + 17)?
-2
Calculate -2 + 5 - (-2 - (-2 - -2)).
5
Evaluate (3 - 1) + (2 - 1) + -8.
-5
What is the value of -4 - ((-11 - -3) + -10 + 13)?
1
Calculate 4 + -2 + -1 + (2 - -1).
4
Calculate -44 + 38 + (0 - (-4 - 2)).
0
Calculate (-1 - ((-6 - 1) + 3)) + -5.
-2
Evaluate 0 - 3 - -6 - -2.
5
What is the value of 2 + (-3 - (0 + -5)) - 2?
2
What is 10 + 4 + (8 - 15)?
7
What is 4 - (4 - (-1 - 0))?
-1
What is the value of 2 - (-1 - -7) - -8?
4
-4 + 2 - -3 - 5 - -2
-2
Evaluate (8 - 10) + (-2 - 2).
-6
Evaluate -6 - (-14 + 6) - (0 - 3).
5
What is 0 + (-4 - -4) - -4 - 8?
-4
Calculate 5 - (-1 + 3 + -2).
5
Evaluate 0 + (5 - 1 - (-15 - -23)).
-4
Evaluate 7 + (-1 - -6) + 13 + -21.
4
What is the value of -8 + 2 - (-3 - -4)?
-7
3 - (-4 + 4 + 2)
1
What is 5 + 0 - (110 - 100)?
-5
Evaluate -29 + 24 - (2 - 9).
2
What is the value of -59 - -62 - (0 - 2)?
5
(-4 - 0) + 0 + 10 + -6
0
-10 + (21 - -8) + -15
4
What is -5 + -3 + -2 + 7 + 4?
1
-1 + 0 + 11 + -12 - 2
-4
What is -1 + -2 + 5 + 2 + -3?
1
9 - -4 - 6 - 7 - 1
-1
Evaluate 3 + 3 + (1 - 1).
6
(1 - (-10 - -13)) + 0 + -8
-10
9 + (3 + 3 - 14)
1
Evaluate (-1 - -3) + (14 - 12) + 1.
5
Calculate -1 - (4 - -2) - -3.
-4
Calculate -8 + 3 + 5 - (3 + -1).
-2
What is the value of 27 - 31 - ((6 - 2) + -1)?
-7
(17 + -10 - -5) + -6
6
What is -4 + 2 + -4 + (1 - -2)?
-3
Evaluate (1 - 9) + -1 - (3 - 7).
-5
Calculate 10 - (-3 + (0 - -3) - -4).
6
(-3 + -4 - -19) + -7 - 1
4
What is the value of (6 - 0) + 15 + -18?
3
What is the value of -3 + 0 - (-1 - -3 - 2)?
-3
What is -3 + 2 + (0 - (-3 + 6))?
-4
Evaluate -2 + -1 - (5 + -5) - -3.
0
What is the value of 2 + 0 - (-2 - -3) - -1?
2
Evaluate 6 + (-3 - (4 - 4)).
3
What is 10 - -2 - (6 - 2) - 3?
5
Evaluate 3 + 3 + -5 + 2.
3
-19 + 14 - (-6 + 4 + 4)
-7
Evaluate 11 + 2 - 5 - 3.
5
-6 - -4 - -5 - (0 - -4)
-1
What is 8 + -10 + (-1 - -3)?
0
What is the value of (1 - 0) + 1 + (-5 - -1)?
-2
Evaluate (-70 - -73) + -5 + -1.
-3
Evaluate 5 - -2 - (5 + -6 + 4).
4
What is the value of -4 + -1 + 8 + -4 + 2?
1
Calculate 7 + -2 + 1 + (2 - 5).
3
Evaluate (7 - 2) + 2 + -6 - 1.
0
Calculate (-2 - (-4 - -2)) + 3 + 1.
4
Calculate -3 + 8 + -1 - 10 - -9.
3
What is the value of (-36 - -24) + (5 - (-3 - -2))?
-6
Calculate 0 + (4 + 0 - 2) + 0.
2
Evaluate 0 - 9 - (-4 - -1).
-6
Evaluate (-5 - (4 - 18)) + -6.
3
-3 + (-4 - -7) + -3
-3
Evaluate -2 + (-1 + -3 - (-1 - 3)).
-2
Evaluate -11 - -5 - (4 - 2).
-8
What is -3 - (-4 - (-2 + 2))?
1
Evaluate (1 - 2) + -1 - (-2 - 1).
1
Calculate 0 - -6 - (-12 + 8 + 1).
9
Calculate -1 + -5 - ((-1 - 1) + 0).
-4
What is -6 + 0 + (-18 - -15)?
-9
(-4 - (14 + -8)) + (0 - -3)
-7
What is the value of (3 - (-2 + -1 + 3)) + -4?
-1
What is -1 - -3 - (23 - 22)?
1
Calculate (-4 - (0 + -3 - -1)) + 4.
2
Calculate 0 - 1 - 5 - -5 - 0.
-1
-1 + 2 + -5 - (1 - 2)
-3
Calculate -8 + (7 - -9 - 9).
-1
Evaluate 10 + (4 - (-3 + 11)).
6
What is the value of -1 + 6 - (1 - -6)?
-2
-15 - -1 - (14 + -20)
-8
Calculate (13 - (21 - 8)) + (2 - 7).
-5
Evaluate 2 + 1 + 0 + (-8 - -6).
1
Calculate -1 + 6 + (-7 - -6).
4
What is the value of 3 + (-8 - (4 + -6))?
-3
-3 - -4 - -2 - (10 - 5)
-2
Calculate -8 + (-2 - (-8 - -1) - -2).
-1
Evaluate 5 - (-4 + (12 - 4)).
1
Evaluate 11 - (-11 + -11 + 30).
3
Evaluate -4 + -3 + 9 + 3.
5
What is 4 + 1 + -1 + -1?
3
Evaluate -5 - (-3 + 7 + -9).
0
-91 + 93 - (0 + 4 - 0)
-2
2 + (-2 - 4 - 1)
-5
What is -1 + 6 - (5 + -14 + 9)?
5
Calculate -9 + 9 - -4 - (0 - 1).
5
Evaluate -121 + 130 - (-1 - -3).
7
Calculate -11 - (-9 - -12) - -21.
7
Calculate -1 - (-5 + 0 + (-30 - -39)).
-5
(-3 + 6 - 0) + -1
2
Calculate 1 - (11 - (-4 + 11 + -3)).
-6
What is 2 - ((2 - 0) + (-4 - -1))?
3
Calculate (0 - 0) + -3 + -9 + 5.
-7
Evaluate 3 - 13 - -11 - 6.
-5
Calculate -11 - ((6 + -6 - 2) + -1).
-8
What is the value of -7 - -1 - (-26 + 21)?
-1
Calculate -4 + 5 - -1 - (7 + -4).
-1
-1 - (-10 + -1 - (2 - 6))
6
What is the value of 5 + -11 - (1 + -8)?
1
Evaluate -2 - (-2 - (-1 + -3)).
-4
What is 5 - ((-2 - (0 + -1)) + 5)?
1
What is the value of (-2 - -7) + (-12 - -5)?
-2
Calculate -7 + (7 - (0 - -3)).
-3
-3 - ((-4 - 1) + 2 - -2)
-2
Calculate 3 + (4 - 9) + 0.
-2
What is 4 - (-1 + 0) - 4?
1
Evaluate -3 - (2 + 5 + -16).
6
Calculate (4 - 1) + -1 + 2 - 11.
-7
What is 7 + -1 + 5 + -8?
3
Evaluate -6 + 6 + -4 + (2 - -7).
5
What is -6 + 6 + -7 + 2 - -10?
5
(-5 - (0 + -1)) + (3 - 2)
-3
Evaluate -2 + (-5 + -1 - -14).
6
Evaluate (7 - 9) + -1 + 0.
-3
Calculate 0 - (-3 + 0 - (-14 - -18)).
7
What is (0 - 1) + 0 + 2?
1
What is -6 + (1 + -2 - -2) - -7?
2
Evaluate -6 - -4 - (10 + -12).
0
0 - -3 - (4 + -2 + 3)
-2
What is the value of -2 - (2 - (8 - (3 - 0)))?
1
3 - (2 + -2 + (0 - -2))
1
Evaluate (-12 - -7) + (2 - -5).
2
What is the value of -5 + 0 + 0 + 4?
-1
What is the value of 7 + -8 + -1 + (-1 - -1)?
-2
2 + -10 + (5 - -2)
-1
What is the value of -14 + 14 - (2 - -1)?
-3
Evaluate (6 - 4) + 2 + -3 - 1.
0
Evaluate -7 + (-7 - (2 - (-5 + 15))).
-6
Evaluate 10 - 15 - (-2 - -1) - 1.
-5
What is 2 - (-1 + 0) - 5?
-2
What is -23 + 15 + -1 + -5 + 23?
9
What is 6 + (-2 - (1 - 0)) + -2?
1
What is (-4 - 3) + -5 + 2 + 4?
-6
Calculate (-3 - (0 - -2)) + 1.
-4
What is the value of -3 - (-1 - (11 + -4))?
5
-8 - (2 - (11 + -1))
0
Calculate 2 + (-2 - (-6 + 3)).
3
What is 0 + -5 + (-19 - (-20 + -5))?
1
Evaluate 12 + -15 + 9 + -7.
-1
Evaluate 20 + -20 - (-1 + 1).
0
Calculate (-1 - 1 - 2) + 16 + -13.
-1
Evaluate -2 - -1 - (5 + -9).
3
What is -14 + 18 + -8 + (12 - 0)?
8
What is 17 + -17 + 10 - 17?
-7
Evaluate 4 - (0 + -4 + 4 - -9).
-5
Calculate (-2 - (-6 - -1)) + -1.
2
Calculate 6 - (-4 - (7 - 12)).
5
What is the value of -10 - (-11 - -4 - 2)?
-1
What is the value of -2 - (-2 - 1 - -6)?
-5
Evaluate -3 - (8 - (16 + -3)).
2
Calculate 6 + 1 - (9 - 7).
5
Calculate 15 + -14 - (-2 + 9).
-6
What is the value of -3 + 0 + 4 + 0?
1
What is the value of -7 - -6 - (-1 - 1)?
1
(2 - -10) + -12 + (5 - 1)
4
0 + (2 - 3) - 2
-3
What is the value of (-10 + 5 - -2) + (-29 - -23)?
-9
What is (1 - -1) + (2 - (5 + -8))